 -5177 = -8*r + 911. What are the prime factors of r?
761
Let g(l) = -5 - 6 + 17*l + 2 - 7*l**2 - 3 - l**3. Let n be g(-9). Let s = n + 33. List the prime factors of s.
2, 3, 5
Let g(v) = 5 - 9 + 16*v - 13 - 8. List the prime factors of g(7).
3, 29
Suppose -5*d + 1899 + 196 = -5*w, -5*w + 2065 = 5*d. Suppose 6*l - d = 274. List the prime factors of l.
5, 23
Let i(h) = -h**2 + 4. Let d be i(-8). Let v = d + 108. What are the prime factors of v?
2, 3
Let h(p) = 9 + 7 + 20 - 2*p. List the prime factors of h(0).
2, 3
Suppose -u - 3*m - 9 = 0, 3*u - 33 = -0*u + 3*m. Suppose 8*n - u*n = 10. What are the prime factors of n?
5
Suppose -q = 3*q + 12. List the prime factors of (-817 - 2)*q/9.
3, 7, 13
Suppose 0 = -5*f + 3*q - 8*q - 65, -20 = -5*q. Let s be 3/6*(3 + f). What are the prime factors of (-1 - s)/((-6)/(-39))?
3, 13
Suppose 0 = -0*r - 3*r + 5*i, 5*r = 2*i. Suppose -5*b - 4*x + 7 = 0, 5*b + 9*x - 4*x - 5 = r. Suppose -b*v + 88 = 31. What are the prime factors of v?
19
Let v = 272 - -704. List the prime factors of v.
2, 61
Let h be (5/2 + -2)/((-2)/(-32)). Suppose h*n - 283 - 357 = 0. What are the prime factors of n?
2, 5
Let k(j) = j**3 + 6*j**2 + 2. Let f be 1 + -3*8/12. Let h be -4 - f - (-1 - -3). What are the prime factors of k(h)?
3
Let s = 1162 - 122. What are the prime factors of s?
2, 5, 13
Suppose h + 233 = -72. Let f = h - -451. List the prime factors of f.
2, 73
Let r(v) = -27*v - 154. List the prime factors of r(-40).
2, 463
Let z be (-51)/5 + 2/10. Let p(c) = -10*c. List the prime factors of p(z).
2, 5
Suppose -3*o + 1989 = -t, -4*o + 281 + 2373 = -2*t. List the prime factors of o.
2, 331
Let x(c) = 31*c - 50. List the prime factors of x(14).
2, 3
Suppose s + 2 = 50. Suppose 3*z - s = -5*h, -3*z - 2*z + 80 = 4*h. Suppose 5*r = r + z, 3*u - r = 56. What are the prime factors of u?
2, 5
List the prime factors of 28/(-140) - 46304/(-20).
5, 463
Let f(j) = 2*j**2 + 45*j + 22. Let v be f(-22). Suppose -2*l = -l + 1, v = -d - 5*l + 61. List the prime factors of d.
2, 3, 11
Suppose 4*x - z - 11 = x, 4*x - 3*z = 8. Suppose -k = 4*p - 106, -114 = x*k - 6*k - 2*p. List the prime factors of k.
2, 61
Suppose 5*k = 6*k - 3. Let s(p) = 2*p**2 - 2*p + 5. Let q be s(6). Suppose -2*v = k*v - q. What are the prime factors of v?
13
Let v be 57/15 + (4/5)/4. Suppose -v*m + 52 = -28. What are the prime factors of m?
2, 5
Suppose -4*p - 40*k + 44*k = -1864, 0 = 4*p + 2*k - 1882. What are the prime factors of p?
7, 67
Let v = 5910 + -4202. List the prime factors of v.
2, 7, 61
Suppose -6*g = -0 - 12. Let d(k) = 28*k + 11*k**2 - 1 - 51*k + 26*k. List the prime factors of d(g).
7
Let p(v) = -v**2 - 1 + 0*v**2 + 0 + 7*v. Let f be p(6). Suppose -f*k = 20, -2*i - 1 = 3*k + 1. List the prime factors of i.
5
Let j(k) = -2*k**2 + 16*k - 10. Let a be j(7). Suppose 0 = 4*r + 3*w - 214, -5*r + 2*r + 148 = -a*w. List the prime factors of r.
2, 13
Suppose -8 = -k + 6. Suppose x - 4 = -11. What are the prime factors of (10/x)/((-1)/k)?
2, 5
Let f(r) = r**3 - 2*r**2 - 2*r + 1. Let o(n) = 2*n**3 - 3*n**2 - 4*n + 1. Let a(c) = 11*f(c) - 6*o(c). What are the prime factors of a(-6)?
5, 13
Suppose -86*m = -74*m - 10752. What are the prime factors of m?
2, 7
Let r = -87 + 216. List the prime factors of r.
3, 43
Let t be 2 + 2/1 + 0. What are the prime factors of (-2040)/(-25) + t/10?
2, 41
Let t(y) = 18*y + 2. Let r be t(5). Let f be -2 + 3 + (5 - (1 - 0)). Suppose -f*d = -d - r. What are the prime factors of d?
23
Let o = -3227 + 4596. What are the prime factors of o?
37
Let c = -2392 + 3780. List the prime factors of c.
2, 347
Suppose -1 = i - j, -2*i + 1 = -3*i - 2*j. What are the prime factors of ((-164)/16)/((3/i)/12)?
41
Suppose -4*k = c - 13, -3*c = -0*c - 3. Suppose p = -k*p + 88. What are the prime factors of p?
2, 11
Let z(k) = -k + 3*k + k - 5*k + 2. Suppose -4*v - 4*w - 12 = -0*v, 2*w = -2. List the prime factors of z(v).
2, 3
Let q(f) = 2*f**2 - 15*f - 2. Let r be q(9). Suppose -13*i + r = -12*i. What are the prime factors of i?
5
Let r be -2 - -2 - (6 - -1). Let y = r - -39. Suppose -u - 1 = -y. What are the prime factors of u?
31
Suppose 3*t - 3881 = 991. What are the prime factors of t?
2, 7, 29
Let n(i) = i**3 - 11*i**2 + 2*i + 20. List the prime factors of n(13).
2, 3
Let d be (15/3 - -2) + -1. Suppose d*y - 188 = 22. Let m = -6 + y. List the prime factors of m.
29
What are the prime factors of 0 + ((-4748)/8)/(6/(-12))?
1187
Let u = 1804 - 385. List the prime factors of u.
3, 11, 43
Let a be -2 + 2044/(-16) + 2/(-8). Let u = a - -238. List the prime factors of u.
2, 3
Let r(w) = -w**2 + 11*w - 15. Let k be (14 + (-12)/(-3))/2. Let u be r(k). Suppose 5*c - 5*s = 400, c - 2*s = u*c - 140. List the prime factors of c.
3, 5
Suppose 10 = 5*q + 4*x, -x - 2 = -q - 6*x. Suppose 2*j = -3*a - j + 210, q*j = 4*a - 286. What are the prime factors of a?
71
Suppose 0 = 6*d - 3*u - 2847, -6*d + 3*d + 4*u = -1416. List the prime factors of d.
2, 7, 17
Let c(q) = q**2 + 11*q - 21. Suppose -80 = 3*r + 2*r. What are the prime factors of c(r)?
59
Suppose 2*p - 422 - 202 = 0. Suppose -3*g + 2*l + p = 0, -3*g + 5*l + 107 + 214 = 0. What are the prime factors of g?
2, 3, 17
Suppose 5*o - 27 + 2 = 0. Suppose -o*i - 4*g + 200 = 0, -i + 5*i - 129 = 3*g. What are the prime factors of i?
2, 3
Let u(g) = 13*g**3 + 5*g**2 - 3*g - 2. List the prime factors of u(4).
2, 449
Suppose -w - 4 = 0, -3*x + 48 = -7*x + 2*w. Let f = x - -18. Suppose 5*z = -5*j + 20, -j - f = -z - 6. List the prime factors of j.
3
Let t be ((-9)/2 + 3)*2. Let a(j) = j**2 + 0*j**2 + 3 + 0*j + j + 2*j. What are the prime factors of a(t)?
3
Suppose -37 = 4*z - 1. Let t be (-6)/4*(-42)/z. What are the prime factors of (-1080)/(-42) - 2/t?
2, 13
Suppose -6*h + 384 = -114. Let y = h - 59. List the prime factors of y.
2, 3
Let k be (4 - (7 + 0))*-1. Suppose -3*n + 147 = -k*g, n - 5*g + 2*g = 39. List the prime factors of n.
2, 3
Let q(y) = -7*y + 69. Let v be q(10). List the prime factors of (-2 + -298 - -1)*v.
13, 23
Suppose c + 15 = 6*c. Suppose 0 = -c*m - 16 + 4. List the prime factors of (0 - 212/m)*1.
53
Suppose -5*f = 44 + 6. Let b = f - -21. Suppose -3*p + 70 + b = 0. What are the prime factors of p?
3
Let y(r) = 6*r**2 - 48*r - 20. What are the prime factors of y(-8)?
2, 11, 17
Let h(w) = -w**3 - 13*w**2 + 3*w - 36. What are the prime factors of h(-16)?
2, 3, 19
Let z = 2452 - -2065. List the prime factors of z.
4517
Let r be -1*((-12)/4 - 2). Suppose -r*o + 15 = 5*v, 4*o + 17 = 3*o - 5*v. Suppose 46 = -6*z + o*z. What are the prime factors of z?
23
Let t = -1753 + 3570. List the prime factors of t.
23, 79
Let y = -24 + 34. Let o(l) be the first derivative of l**3/3 - 7*l**2/2 + 5*l - 17. List the prime factors of o(y).
5, 7
Let a = 369 - 205. List the prime factors of a.
2, 41
Let d(m) = 9*m**3 - 12*m**2 + 11*m + 17. List the prime factors of d(6).
5, 11, 29
Let m(u) = 36*u**3 - 11*u**2 - u - 5. Let a(p) = 7*p**3 - 2*p**2 - 1. Let g(l) = 11*a(l) - 2*m(l). Let d be g(1). What are the prime factors of (20/d)/(4/18)?
3, 5
Let m(c) = c**3 - 3*c + 4. Suppose -3*n + 3 = -2*n. List the prime factors of m(n).
2, 11
What are the prime factors of (5 + (-159)/6)/((-2)/12)?
3, 43
Let o(v) = v**2 - v - 2. Let p(y) = y**2 + 9*y + 10. Let m be (0 + -7)*(3 + -2). Let d be p(m). What are the prime factors of o(d)?
2, 3
Let c = -97 + 154. Let t(g) = -21*g**3 - g**2 - 6*g - 5. Let n be t(-1). Let p = c - n. What are the prime factors of p?
2, 3
Let l(h) = -h**3 - 4*h**2 + h - 16. Let g be l(-5). Suppose g*o + 25 = 5*o. What are the prime factors of o?
5
Let n = 64 - 64. Suppose n = 5*f - 49 - 631. List the prime factors of f.
2, 17
Let a(o) = -o**3 + 10*o**2 - 9*o + 10. Let x be (-7 + 2)*(-18)/10. Let q be a(x). List the prime factors of (28/10)/(4/q).
7
Let o(a) = -5*a - 32. List the prime factors of o(-8).
2
Let i(k) = -5*k + 10. Let j be i(-6). Let u = 104 - j. List the prime factors of u.
2
Let g(z) = -z**3 + z**2 - z + 7. Let a be g(0). Suppose -a*c - 22 = -9*c. Let f = c - -38. List the prime factors of f.
7
Let g = 3 + 3. Let c = g + -8. List the prime factors of c/(-10) - 38/(-10).
2
Suppose -3*j + 4*s + 410 = 0, -2*j + s - 68 + 333 = 0. List the prime factors of j.
2, 5, 13
Let i = -18 - -16. Let q(o) = -5*o**3 - 4*